ainder when 86 is divided by 46.
40
Calculate the remainder when 542 is divided by 7.
3
What is the remainder when 99 is divided by 74?
25
What is the remainder when 2991 is divided by 992?
15
What is the remainder when 4365 is divided by 19?
14
What is the remainder when 385 is divided by 99?
88
Calculate the remainder when 10145 is divided by 143.
135
Calculate the remainder when 1185 is divided by 33.
30
What is the remainder when 276 is divided by 32?
20
Calculate the remainder when 6139 is divided by 16.
11
What is the remainder when 306 is divided by 39?
33
What is the remainder when 461 is divided by 29?
26
What is the remainder when 878 is divided by 147?
143
Calculate the remainder when 410 is divided by 46.
42
Calculate the remainder when 626 is divided by 57.
56
Calculate the remainder when 299 is divided by 77.
68
What is the remainder when 61 is divided by 49?
12
What is the remainder when 1560 is divided by 14?
6
What is the remainder when 2 is divided by 2?
0
Calculate the remainder when 2421 is divided by 603.
9
Calculate the remainder when 1272 is divided by 75.
72
Calculate the remainder when 1254 is divided by 84.
78
What is the remainder when 1093 is divided by 343?
64
Calculate the remainder when 686 is divided by 140.
126
What is the remainder when 1479 is divided by 78?
75
Calculate the remainder when 8429 is divided by 31.
28
What is the remainder when 141855 is divided by 18?
15
What is the remainder when 576 is divided by 73?
65
What is the remainder when 224 is divided by 22?
4
What is the remainder when 90 is divided by 89?
1
Calculate the remainder when 27689 is divided by 15.
14
What is the remainder when 1570 is divided by 317?
302
What is the remainder when 333 is divided by 194?
139
What is the remainder when 340 is divided by 86?
82
Calculate the remainder when 37489 is divided by 14.
11
Calculate the remainder when 1117 is divided by 70.
67
What is the remainder when 274 is divided by 25?
24
What is the remainder when 771 is divided by 194?
189
Calculate the remainder when 768 is divided by 242.
42
Calculate the remainder when 1750 is divided by 22.
12
Calculate the remainder when 263 is divided by 54.
47
What is the remainder when 313 is divided by 35?
33
Calculate the remainder when 1537 is divided by 152.
17
What is the remainder when 44 is divided by 15?
14
Calculate the remainder when 75 is divided by 32.
11
Calculate the remainder when 449 is divided by 37.
5
What is the remainder when 2027 is divided by 427?
319
Calculate the remainder when 30 is divided by 6.
0
Calculate the remainder when 819 is divided by 52.
39
Calculate the remainder when 3207 is divided by 13.
9
What is the remainder when 716 is divided by 274?
168
What is the remainder when 87 is divided by 48?
39
Calculate the remainder when 1774 is divided by 13.
6
What is the remainder when 610 is divided by 102?
100
Calculate the remainder when 477 is divided by 21.
15
Calculate the remainder when 372 is divided by 178.
16
Calculate the remainder when 489 is divided by 55.
49
What is the remainder when 846 is divided by 19?
10
What is the remainder when 6429 is divided by 24?
21
What is the remainder when 2589 is divided by 113?
103
What is the remainder when 435 is divided by 138?
21
Calculate the remainder when 67 is divided by 29.
9
What is the remainder when 10845 is divided by 14?
9
What is the remainder when 126 is divided by 29?
10
Calculate the remainder when 894 is divided by 16.
14
What is the remainder when 710 is divided by 187?
149
Calculate the remainder when 265 is divided by 39.
31
What is the remainder when 107 is divided by 83?
24
Calculate the remainder when 231 is divided by 22.
11
What is the remainder when 34 is divided by 32?
2
What is the remainder when 988 is divided by 326?
10
Calculate the remainder when 237 is divided by 80.
77
Calculate the remainder when 6076 is divided by 64.
60
What is the remainder when 150 is divided by 32?
22
Calculate the remainder when 861 is divided by 36.
33
What is the remainder when 6209 is divided by 345?
344
Calculate the remainder when 225 is divided by 207.
18
What is the remainder when 2817 is divided by 5?
2
Calculate the remainder when 259 is divided by 58.
27
Calculate the remainder when 151 is divided by 17.
15
What is the remainder when 7752 is divided by 15?
12
Calculate the remainder when 120 is divided by 50.
20
What is the remainder when 151 is divided by 50?
1
What is the remainder when 861 is divided by 150?
111
Calculate the remainder when 389 is divided by 134.
121
Calculate the remainder when 504 is divided by 127.
123
What is the remainder when 2759 is divided by 251?
249
What is the remainder when 166 is divided by 37?
18
Calculate the remainder when 658 is divided by 36.
10
Calculate the remainder when 1554 is divided by 67.
13
What is the remainder when 415 is divided by 16?
15
Calculate the remainder when 471 is divided by 3.
0
Calculate the remainder when 31100 is divided by 54.
50
What is the remainder when 27748 is divided by 75?
73
Calculate the remainder when 101 is divided by 17.
16
What is the remainder when 7457 is divided by 324?
5
What is the remainder when 3716 is divided by 186?
182
What is the remainder when 672 is divided by 37?
6
Calculate the remainder when 204 is divided by 19.
14
What is the remainder when 417 is divided by 8?
1
What is the remainder when 6279 is divided by 393?
384
Calculate the remainder when 2159 is divided by 9.
8
What is the remainder when 153 is divided by 67?
19
What is the remainder when 1699 is divided by 10?
9
What is the remainder when 192 is divided by 82?
28
What is the remainder when 763 is divided by 180?
43
What is the remainder when 3587 is divided by 325?
12
Calculate the remainder when 165 is divided by 9.
3
What is the remainder when 1112 is divided by 86?
80
What is the remainder when 15414 is divided by 27?
24
What is the remainder when 1734 is divided by 193?
190
What is the remainder when 145 is divided by 32?
17
What is the remainder when 106 is divided by 36?
34
What is the remainder when 645 is divided by 168?
141
What is the remainder when 407 is divided by 28?
15
Calculate the remainder when 113 is divided by 24.
17
Calculate the remainder when 1593 is divided by 57.
54
Calculate the remainder when 243 is divided by 225.
18
Calculate the remainder when 171 is divided by 117.
54
Calculate the remainder when 424 is divided by 141.
1
Calculate the remainder when 349 is divided by 35.
34
What is the remainder when 583 is divided by 51?
22
What is the remainder when 3584 is divided by 7?
0
Calculate the remainder when 250 is divided by 12.
10
What is the remainder when 295 is divided by 44?
31
Calculate the remainder when 1085 is divided by 156.
149
Calculate the remainder when 404 is divided by 58.
56
What is the remainder when 1179 is divided by 388?
15
What is the remainder when 362 is divided by 185?
177
What is the remainder when 8 is divided by 1?
0
Calculate the remainder when 336 is divided by 59.
41
What is the remainder when 344 is divided by 58?
54
What is the remainder when 1586 is divided by 785?
16
Calculate the remainder when 89 is divided by 24.
17
Calculate the remainder when 178 is divided by 5.
3
What is the remainder when 140 is divided by 137?
3
Calculate the remainder when 1150 is divided by 1137.
13
What is the remainder when 915 is divided by 231?
222
Calculate the remainder when 469 is divided by 252.
217
What is the remainder when 1072 is divided by 29?
28
What is the remainder when 511 is divided by 64?
63
Calculate the remainder when 171 is divided by 23.
10
What is the remainder when 783 is divided by 12?
3
What is the remainder when 105 is divided by 27?
24
Calculate the remainder when 51 is divided by 6.
3
Calculate the remainder when 503 is divided by 10.
3
What is the remainder when 189 is divided by 116?
73
What is the remainder when 1722 is divided by 83?
62
What is the remainder when 45 is divided by 27?
18
What is the remainder when 144 is divided by 24?
0
What is the remainder when 48 is divided by 13?
9
What is the remainder when 237 is divided by 5?
2
Calculate the remainder when 109 is divided by 31.
16
What is the remainder when 366 is divided by 31?
25
Cal